 = 2*y. What is the units digit of w?
2
Let j = -4 + 24. Let o be (-4)/(-4) + (-2)/(-1). Suppose 19 = o*p - j. What is the tens digit of p?
1
Let h(g) be the first derivative of g**4/4 + 3*g**3 + 9*g + 1. What is the units digit of h(-9)?
9
Let g be 28/(-7) + -1*1. Let b = g - -7. What is the units digit of b/(-11) - 136/(-22)?
6
Let u = 4 - 2. Let a be 4/(-6) - (-17)/3. Suppose o = -u + a. What is the units digit of o?
3
Let c(h) = h**2 + 5*h + 2. Let n be c(-3). Let a = n + 5. What is the units digit of a?
1
Let h be 2/4 - 40/(-16). Suppose 3*r - 5 = -4*x, -4*x = -h*r - r + 16. What is the units digit of (1*-2 - -1)/x?
1
What is the tens digit of 7/28 - (-1341)/12?
1
Let c(f) = f**2 - 2*f + 2. What is the tens digit of c(9)?
6
Suppose 0 = 5*q - 13 + 3. Let g = -7 + q. What is the units digit of (-6)/9 - g/3?
1
Let j = 1 - -1. Suppose 3*t = j*t + 3*f - 10, 3*t + 2*f = 14. Suppose -t*n + 12 = -6. What is the units digit of n?
9
Let z(i) = 4*i**2 - i + 2. Suppose 4*j - 5 - 3 = 0. What is the units digit of z(j)?
6
Let i(z) = 3 - 6 + 4*z - z**2 + z. Let o be i(3). Suppose -30 = w - o*w. What is the units digit of w?
5
Let o be 1 + 2 + -2 + 1. Suppose -o*d = -d - 3. What is the units digit of d?
3
Let r(l) be the second derivative of -l**5/20 - l**4 - 5*l**3/6 - 15*l**2/2 - 3*l. What is the units digit of r(-12)?
5
Let i = 1 + -76. What is the units digit of -10*(-5)/(i/(-24))?
6
Let o = 22 - 4. Let w = 33 - o. What is the units digit of w?
5
Let f = 7 - 6. Let l = f - 0. What is the units digit of l?
1
Let c = 5 + -1. Suppose q + 3 = c. What is the units digit of (-10)/((-4)/2)*q?
5
Let m(t) = t**2 - 4*t - 9. Let h be m(6). Let c(k) = -3*k + 3. Let o be c(-4). Suppose 2*z = 3*v + 3*z - o, 0 = -h*z. What is the units digit of v?
5
Let k = -3 + 2. Let t(g) = -g**3 + 2*g**2 - 1. Let d be t(k). Suppose d*f - r + 3*r - 22 = 0, -3*f - 2*r + 36 = 0. What is the units digit of f?
4
Suppose -b = 2*b - 3*f + 18, 0 = 4*b + 2*f + 30. Let y = 4 + b. Let l(j) = j**2 + j - 3. What is the units digit of l(y)?
3
Suppose 3*u = 6*u - 12. Suppose -v = -2*v + 49. Suppose u*p - 7 - v = 0. What is the tens digit of p?
1
Suppose 4*r - r + 5*s = 265, -5*s - 295 = -4*r. What is the tens digit of r?
8
Let l = 10 - 8. Let q = l + 1. What is the units digit of (2/q)/((-1)/(-3))?
2
Let y(j) = 2*j**2 + 1. Let z(c) be the third derivative of -c**4/24 + c**3/3 - 2*c**2. Let a be z(3). What is the units digit of y(a)?
3
Suppose -777 = -4*a - 7*z + 4*z, -5*z = 3*a - 591. What is the units digit of a?
2
Let u = 18 + 0. Suppose -5*f + 2 = -u. What is the units digit of f?
4
Suppose -3*d = -2*i - 17, i - 5*i = d + 13. Suppose 3 - 12 = -d*t. Suppose -4*p = z + 1 + 10, 0 = 3*z - t*p - 27. What is the units digit of z?
5
Suppose -78 = 2*a - 3*a. What is the tens digit of a?
7
What is the units digit of (1 - 0)*4*9?
6
What is the units digit of ((-10)/(-2))/1 + 83?
8
Let a(r) = 6*r - 5. Suppose -3*u + 14 = w, 0 = -u - 0*u + 3*w - 2. What is the tens digit of a(u)?
1
Suppose 2*h + 25 = -3*h. Let g = h + 16. What is the units digit of g?
1
Suppose -28 = -5*d - 8. Suppose -p + 6*p + d*a = 49, a + 35 = 4*p. What is the units digit of p?
9
Let y be (0/2)/(2*1). Suppose -4*d + 17 = -3*x - 2, d + 4*x = y. Suppose f = -f + d. What is the units digit of f?
2
Let u(r) = -r**3 - 2*r**2 - r + 1. Let i be u(-2). Suppose -4*c - 8 = -n, 0*c = 5*c - 5. What is the units digit of ((-16)/n)/((-2)/i)?
2
Suppose 6*f - f - 1 = -2*d, 53 = -4*d + f. Let j be d/9*(-3)/2. What is the units digit of 7*j/(-14)*-6?
6
Suppose -5*s + 312 = 2*g, -568 = -4*g - 0*s + 4*s. What is the hundreds digit of g?
1
Let l be 376/72 + 2/(-9). Let c(z) = -z**3 + 5*z**2 + z + 5. What is the units digit of c(l)?
0
Let h(c) = -3*c + 2. Let n be h(1). Suppose 0*l - l = -3. What is the units digit of -1*21/l*n?
7
What is the tens digit of 4*1*2*(-265)/(-40)?
5
Suppose -3*u + 850 = 5*h, -h + 0*u = 2*u - 163. What is the tens digit of h?
7
Let p be -40*(-1 - 1/(-2)). Let q = 44 - p. What is the units digit of q?
4
Suppose m = -3*n + 99, 0 = -3*n - 4*m + 2*m + 99. What is the tens digit of n?
3
Suppose -3*s - 47 + 137 = 0. What is the units digit of s?
0
Suppose -p - 123 = -3*i + 2*p, 4*p - 94 = -2*i. What is the tens digit of i?
4
Let s be (0 - -1)/(1/13). Suppose -3*q + s = 4. Let u(n) = n + 3. What is the units digit of u(q)?
6
Let s(v) = 2*v + 1. Let w be s(-3). Let z(p) = -p**3 - 5*p**2 - 2*p - 3. What is the units digit of z(w)?
7
Let t(s) = 3*s**2 - 2. Suppose 4*n = 2*o - 12, o = -2*o - 5*n - 15. Let g(q) = q**2 + 2. Let p be g(o). What is the tens digit of t(p)?
1
Let g(b) = 21*b - 7. What is the tens digit of g(3)?
5
What is the units digit of (-4)/((3 + 1)/(-24))?
4
Let v = -15 - -7. Let t = -7 - v. What is the tens digit of 1*(-2 + t)*-16?
1
What is the units digit of (0 - 0) + -1 + 240/3?
9
Let i = 23 - -86. What is the tens digit of i?
0
Let o(q) = -5*q + 4*q - q**3 + 0*q - 7*q**2 + 1. What is the units digit of o(-7)?
8
Let o(f) = -3*f - 1. What is the tens digit of o(-7)?
2
Let o be -5*(3 - (-6)/(-3)). Let b = 4 - o. What is the units digit of b?
9
Suppose -3*m - 100 = 5*w - 0*m, -5*w - 5*m - 110 = 0. Let n be (-4)/(-6) + w/3. Let v = n - -9. What is the units digit of v?
4
Let i be (-1)/(3*(-3)/(-18)). Let j(h) = -8*h - 3. What is the tens digit of j(i)?
1
Let d(g) = 6*g**2 - 2*g + 1. Let k be d(1). Suppose -k*w + 62 = 17. What is the units digit of w?
9
Suppose 4*p + b = 4*b + 87, 0 = -2*p - 3*b + 57. Suppose p = 4*k + 4*x - 8, 4*k = 2*x + 8. Suppose 0 = -t, k*w + 2*t = w + 9. What is the units digit of w?
3
Suppose -12 = -2*l + 46. Let y = 60 - l. What is the tens digit of y?
3
Let k be (-14)/(-8) - 3/(-12). Let m be ((-75)/(-20))/((-2)/(-8)). Suppose -p + m = k*p. What is the units digit of p?
5
Let p be ((-56)/(-5))/(4/40). Let i be 8/(-6)*6/(-4). What is the tens digit of 3/i*p/12?
1
Let o be (1 - -41) + 0/6. Suppose 2*l + l + 3*u = o, 0 = 5*u. What is the tens digit of l?
1
Let v = 7 - -8. Let n = v + 8. What is the units digit of n?
3
Suppose 4*f - 2 = -10. Let s(q) = -q - 2. Let y be s(f). Suppose -10 = 5*c, 4*h - c - 6 + 0 = y. What is the units digit of h?
1
Let w(m) = 2*m**2 - 2*m - 2. Let u = -7 - -10. Suppose -21 = -3*l - 5*d, -u*l + 0*d - d = -9. What is the units digit of w(l)?
2
Let v = 6 - 6. Suppose -2*o = -5*t + 5, t = 2*o - v + 1. Suppose -5*f + o*f = -45. What is the units digit of f?
9
Let n(p) = 5*p - 2. What is the units digit of n(7)?
3
Let c(b) = -b**3 - 6*b**2 - 4*b - 9. Let z be c(-6). Suppose 2*v + z + 5 = 0. What is the units digit of (-59)/(-5) + (-2)/v?
2
Suppose 0*d = -2*d + 14. Let r(t) = t + 1. Let q be r(2). Let c = q + d. What is the tens digit of c?
1
Let f(r) = 29*r**2 - r + 1. What is the units digit of f(1)?
9
Let w = 7 + -13. Let n(g) = g**3 + 6*g**2 - 5*g - 5. What is the tens digit of n(w)?
2
What is the units digit of (-5)/(-1) + -4 + 6?
7
Let i(z) = z**3 + 1. Let x be i(-3). Let a be ((-2)/(-4))/((-1)/x). Let u = -7 + a. What is the units digit of u?
6
Let b = 237 + -123. What is the units digit of b?
4
Let d(b) = -5*b - 23. What is the tens digit of d(-8)?
1
Suppose 4*d - l = -6*l + 33, 5*d = -4*l + 30. Let j(h) = h**3 - 8*h**2 - 9*h. Let g be j(9). Suppose -d*c + 7 + 7 = g. What is the units digit of c?
7
Suppose -5*g = -4*g - 2. Let k(t) = 10*t - 2. What is the units digit of k(g)?
8
Let p = 11 + -7. What is the units digit of (-4 + 7)/(2/p)?
6
Suppose -6*d = -d - 20. What is the units digit of d?
4
Let s(r) = 101*r - 12. What is the tens digit of s(2)?
9
Suppose -298 = 2*j - 4*j. What is the tens digit of j?
4
Suppose 4*j - 5*x = j + 5, -2*j - 2 = 2*x. Let q = 3 + 0. Let g = q - j. What is the units digit of g?
3
Let y be 0/(1 + 0/3). Suppose 3*z - 52 - 32 = y. Suppose w - 2*g = -3*w + z, 4*g = -4*w + 28. What is the units digit of w?
7
What is the tens digit of 51 + 3*2/3?
5
Let w = -18 - -12. What is the units digit of (-6 - -12)/((-2)/w)?
8
Let x = 343 - 111. What is the units digit of x?
2
Let y(a) = -a**2 - 11*a + 11. What is the units digit of y(-10)?
1
Suppose -4*m + 1192 = 4*m. What is the units digit of m?
9
Let l(i) = 2*i**2 + 3*i + 2. Let w be 24/(9/3) + 2. Suppose -2*d - w = 3*d. What is the units digit of l(d)?
4
Let w = 29 - 18. Let a = 20 - w. Suppose -2